0?
343
In base 11, what is -1791 + 0?
-1791
In base 6, what is 154 - -4?
202
In base 5, what is -1431 + -104?
-2040
In base 9, what is 1650 - 6?
1643
In base 8, what is -10 + 10?
0
In base 5, what is -1343 + 2?
-1341
In base 16, what is 97 + -4?
93
In base 3, what is -202120 - -11?
-202102
In base 8, what is 3 - -73?
76
In base 3, what is -20020012 + -10?
-20020022
In base 3, what is -2210202 + -11?
-2210220
In base 12, what is -46 - 16?
-60
In base 15, what is -93 - -3?
-90
In base 13, what is 5 - -42?
47
In base 14, what is -3 + -388?
-38b
In base 2, what is -100 - -11010?
10110
In base 11, what is a18 + 0?
a18
In base 15, what is -2e44 - 0?
-2e44
In base 3, what is -100 - 111010?
-111110
In base 11, what is 0 - -370?
370
In base 10, what is 5 + -21?
-16
In base 14, what is -21 - -18?
-7
In base 10, what is -1 + -114?
-115
In base 10, what is 0 + -392?
-392
In base 4, what is -110 - -11?
-33
In base 9, what is 8 + 41?
50
In base 9, what is -4 - 37?
-42
In base 9, what is 1 - -118?
120
In base 5, what is 12 + 1231?
1243
In base 6, what is -143 - -10?
-133
In base 13, what is -20 + 3?
-1a
In base 2, what is -1111101110 - 1000?
-1111110110
In base 13, what is -2 - -b07?
b05
In base 10, what is -6 - 555?
-561
In base 12, what is -1b - -2?
-19
In base 11, what is 1 - -5?
6
In base 15, what is -d + -1?
-e
In base 12, what is -1 + 1893?
1892
In base 14, what is 1901 - 0?
1901
In base 9, what is 36 - -178?
225
In base 6, what is -13 + 1000?
543
In base 7, what is 4121 - 25?
4063
In base 4, what is -23 + 212?
123
In base 13, what is 8 - -650?
658
In base 3, what is -101100 - -2?
-101021
In base 6, what is -21 - 24?
-45
In base 9, what is 253 + 47?
311
In base 2, what is -1100100011000 - 0?
-1100100011000
In base 14, what is -18 - 3?
-1b
In base 10, what is -20 + 44?
24
In base 11, what is 121 + -3?
119
In base 8, what is -15 + -417?
-434
In base 7, what is -3 + -11?
-14
In base 9, what is 62 - -32?
104
In base 10, what is -133 - 0?
-133
In base 14, what is 0 + 69?
69
In base 15, what is -3 + 35?
32
In base 2, what is -100 + 1110101111?
1110101011
In base 14, what is -8 - -39?
31
In base 16, what is -4 + -9?
-d
In base 15, what is -22b - 1?
-22c
In base 16, what is -a + -47?
-51
In base 8, what is -2 + 335?
333
In base 2, what is 11 + -110000?
-101101
In base 3, what is -200 - 121?
-1021
In base 11, what is -3 - 198?
-1a0
In base 12, what is -1b - 2?
-21
In base 13, what is 21 + 35?
56
In base 10, what is -23 - -236?
213
In base 3, what is -202 + -2110?
-10012
In base 14, what is 6495 - 1?
6494
In base 15, what is -7d3 + -2?
-7d5
In base 12, what is 157 - 5?
152
In base 12, what is 2 + 1b80?
1b82
In base 6, what is -23 - -2500?
2433
In base 8, what is 5 + -170?
-163
In base 9, what is -15 + -2?
-17
In base 14, what is 0 - 254?
-254
In base 15, what is 7c + -5?
77
In base 4, what is 100301 + 3?
100310
In base 2, what is 10 - 100001011010?
-100001011000
In base 16, what is -57 + -2?
-59
In base 7, what is -151 + 2?
-146
In base 15, what is -244 - 0?
-244
In base 11, what is 3 - 52?
-4a
In base 15, what is 5 - -c?
12
In base 8, what is -24 + -1752?
-1776
In base 15, what is -3b91 - -1?
-3b90
In base 10, what is 32 + 115?
147
In base 13, what is -1c + 12?
-a
In base 4, what is 3 + 2?
11
In base 5, what is 10 - -123?
133
In base 8, what is -5437 + 2?
-5435
In base 8, what is 1 - -646?
647
In base 11, what is -1 - 321?
-322
In base 16, what is -13 - 1?
-14
In base 8, what is 3 + -20?
-15
In base 8, what is 1 + 26?
27
In base 7, what is -10 + -110?
-120
In base 16, what is a + -1c3?
-1b9
In base 6, what is -40 + 11?
-25
In base 7, what is -2 + -6362?
-6364
In base 8, what is 1 + 1047?
1050
In base 15, what is 60 - -1?
61
In base 14, what is -86a + -3?
-86d
In base 7, what is 4 - -236?
243
In base 16, what is -beb + -3?
-bee
In base 7, what is 24135 - 6?
24126
In base 6, what is 114 - 24?
50
In base 2, what is 0 + -10011110001?
-10011110001
In base 13, what is -3 - -bc0?
bba
In base 3, what is -11002 + 22?
-10210
In base 5, what is 0 + -41?
-41
In base 3, what is 102211 + 10?
102221
In base 12, what is 2b5 - 0?
2b5
In base 15, what is -b6e8 + 3?
-b6e5
In base 12, what is 4914 - 3?
4911
In base 11, what is -1 - a9?
-aa
In base 2, what is 11000101 - 10100?
10110001
In base 5, what is 10 - -20323?
20333
In base 16, what is 5 - 114?
-10f
In base 13, what is -ca - -5?
-c5
In base 5, what is 0 - 4?
-4
In base 15, what is -326 - -1?
-325
In base 14, what is 958 - 5?
953
In base 10, what is 6 - 64?
-58
In base 2, what is 10101100111 - -1?
10101101000
In base 3, what is -1111 - -10?
-1101
In base 4, what is 1122 + -10?
1112
In base 9, what is 3 - 5176?
-5173
In base 16, what is -5c - -27?
-35
In base 11, what is -1 + 211?
210
In base 3, what is 1002202 - 10?
1002122
In base 2, what is 1001011010 - -10010?
1001101100
In base 8, what is 77 - 0?
77
In base 15, what is -3 - -7?
4
In base 8, what is 261 - 3?
256
In base 13, what is -6 - -7?
1
In base 2, what is 101011 - 11101?
1110
In base 7, what is 13 + 52?
65
In base 12, what is 28 + -2bb?
-293
In base 10, what is 6 + -22?
-16
In base 13, what is 0 - 9?
-9
In base 13, what is 6 + -9ba?
-9b4
In base 2, what is -101 - -101101?
101000
In base 16, what is -3 - 6?
-9
In base 5, what is -3431 - -121?
-3310
In base 2, what is 101011101010 + -101?
101011100101
In base 5, what is 42 - -43?
140
In base 6, what is -3 - 15151?
-15154
In base 12, what is -1672 - 0?
-1672
In base 9, what is 5657 - -2?
5660
In base 7, what is -5 - -122?
114
In base 8, what is 3 - 74?
-71
In base 4, what is 0 - -202110?
202110
In base 4, what is 130 - -212?
1002
In base 5, what is 332 + 3?
340
In base 7, what is 625 - 40?
555
In base 10, what is 207 - 3?
204
In base 8, what is 156 - -111?
267
In base 6, what is -54 - 114?
-212
In base 10, what is 1 - -97?
98
In base 8, what is 4 - -2744?
2750
In base 4, what is -212010 - -2?
-212002
In base 3, what is -22 + 2220?
2121
In base 12, what is 9 + 6?
13
In base 4, what is -12003 + 103?
-11300
In base 15, what is b3 - 3?
b0
In base 13, what is 70b6 + -2?
70b4
In base 9, what is -82 - -68?
-13
In base 9, what is 5 + -4?
1
In base 10, what is 184 + -10?
174
In base 8, what is 11626 + -2?
11624
In base 4, what is -211312 - 2?
-211320
In base 7, what is -1623 + 2?
-1621
In base 4, what is 11 - -1021010?
1021021
In base 12, what is 0 - 28?
-28
In base 8, what is 3 + 233?
236
In base 3, what is -12 + 2021?
2002
In base 13, what is 31 + -63?
-32
In base 16, what is -96 + -10?
-a6
In base 10, what is 2 - 958?
-956
In base 9, what is -1 + -3817?
-3818
In base 5, what is 302441 + -1?
302440
In base 3, what is -21 + 1120?
1022
In base 16, what is -4 + 5c?
58
In base 5, what is 1131 + -210?
421
In base 16, what is -8 + -1?
-9
In base 8, what is 73673 + -5?
73666
In base 15, what is -8e - -4?
-8a
In base 5, what is -113 + -1?
-114
In base 4, what is 1123023 + 11?
1123100
In base 15, what is 3 - -459?
45c
In base 12, what is ab5 - -1?
ab6
In base 5, what is -34 + 301?
212
In base 11, what is -1 - 547?
-548
In base 4, what is 31231 + 3?
31300
In base 13, what is -1 - 232?
-233
In base 8, what is 2 - 1510?
-1506
In base 16, what is 11 - 7?
a
In base 16, what is -54a + -3?
-54d
In base 9, what is -35 - 534?
-570
In base 15, what is -1 + 1?
0
In base 5, what is 21 - -21312?
21333
In base 3, what is 12 + 122?
211
In base 12, what is 1 + -2127?
-2126
In base 8, what is -4 - 31?
-35
In base 11, what is -8 - -82?
75
In base 5, what is 40324 + 1?
40330
In base 12, what is 1b850 - -2?
1b852
In base 11, what is 5 - 26a?
-265
In base 4, what is 2110 + 212?
2322
In base 15, what is 517 + -6?
511
In base 2, what is -100 + 1100100011111?
1100100011011
In base 11, what is 4 + 198?
1a1
In base 5, what is 10 + 142?
202
In base 16, what is 1 - -ad?
ae
In base 8, what is -104352 - -2?
-104350
In base 3, what is 0 + 10121?
10121
In base 16, what is f + -9?
6
In base 11, what is -2 + 1305?
1303
In base 10, what is 4 - -863?
867
In base 12, what is -353 - 1?
-354
In base 6, what is -3 + 131?
124
In base 4, what is 2 + 1220?
1222
In base 5, what is -23 - 1002?
-1030
In base 15, what is -19 - 2?
-1b
In base 2, what is 1111011 - 1?
1111010
In base 6, what is -1 - 13411?
-13412
In base 13, what is -8 + 260?
255
In base 13, what is 4 + -14b?
-14